 y = 60 - 63. Give r(y).
-5
Let q(g) = g - 1. Let m be q(3). Let b be -3 + 3 + (m - 0). Let l(z) = b*z + 1 - 5*z + z. Give l(2).
-3
Let y(i) = 5*i**2 - 9*i - 10. Let a(w) = 9*w**2 - 18*w - 19. Let m(x) = 6*a(x) - 11*y(x). Give m(-9).
-4
Suppose -3*i = 4*k + 8, 3*k + 4*i + 1 = 2. Let c(l) = -l**3 - 6*l**2 - 7*l - 7. Calculate c(k).
3
Let d be (-6 + 1)*2/5. Let j(v) = v**2 + 15*v + 3. Let y be j(-15). Let g(o) = 0*o**3 + 0*o - 2*o**2 + o**3 - 4*o + o - y. Determine g(d).
-13
Let v(w) be the third derivative of 2*w**5/15 + w**4/12 - w**3/6 - 4*w**2. Suppose -3*s + 8*s - 1 = 4*q, 0 = -2*s + 2*q. Determine v(s).
9
Let l(o) be the second derivative of -7/6*o**3 + 2*o**2 - o + 0 + 1/12*o**4. Calculate l(5).
-6
Let d(j) be the first derivative of -j**4/2 + j**3 - 2*j - 7. What is d(2)?
-6
Let m(t) = -t**2 - 3*t + 3. Let y be m(-3). Let a(l) = 6*l - 1. Let z(s) = -5*s + 2. Let d(b) = y*a(b) + 4*z(b). Suppose -6*q - 36 = -15*q. Determine d(q).
-3
Let u(i) = -19 + 22 + 3*i**2 + i**2 - 5*i**2. Suppose 4*s - s = 0. Give u(s).
3
Let p(a) be the second derivative of a**4/24 - 5*a**3/3 - 3*a**2/2 + 2*a. Let m(v) be the first derivative of p(v). What is m(5)?
-5
Let f be 2/(-5) + (-44)/(-10). Suppose -f*u + 4 = -4. Suppose -u = -4*r + 2*p, 2*r - 28 = 6*r + 4*p. Let q(k) = -k. Calculate q(r).
2
Let q = 11 - 1. Let t be q + 3*16/(-12). Let j(v) = -v**3 + 5*v**2 + 6*v - 8. Determine j(t).
-8
Let o(k) = 11*k + 9. Let a(y) = -5*y - 4. Let s(p) = 9*a(p) + 4*o(p). Suppose 3*f - 12 = -0*f. What is s(f)?
-4
Let c be (3*2)/((-20)/10). Let v be (12/4)/c*-5. Let g(j) = 5 - 2*j**3 + j**2 + 4*j - 7*j**2 + 3*j**3. Determine g(v).
0
Let s(f) = 5*f**2 + f + 2. Let x(d) = -19*d**2 - 4*d - 9. Let o(g) = -9*s(g) - 2*x(g). Let q(h) = -h**3 + 7*h**2 - 6*h + 1. Let l be q(6). Give o(l).
-8
Let f(m) = -2 - 2*m - 6 + 3*m. Suppose -d = 3, 6*d - 4*d = -5*l + 24. What is f(l)?
-2
Let m(z) = z + 5. Let f be m(0). Let s(c) = c + f*c - 4*c. Suppose -2*p - 16 = 2*p. Give s(p).
-8
Suppose g + 21 = -2*g. Let u(f) = f**3 + 5*f**2 - 12*f - 3. Let z(y) = 2*y**3 + 10*y**2 - 23*y - 7. Let b(x) = g*u(x) + 4*z(x). Give b(-6).
5
Suppose 0 = -5*n - u + 32, 4*n + u - 31 = 2*u. Let z(c) = 3 - 6*c**2 - 8*c - 7*c**2 + 14*c**2. Calculate z(n).
-4
Suppose -2*o - 4 = 5*p + 2*o, 1 = -p - o. Let y(g) be the first derivative of g**2/2 - 6*g - 2. What is y(p)?
-6
Let h be 3/(-5) + 112/20. Suppose -5*u + 5 = 5*p - 0, -p + u = h. Let j(f) = 4*f**3 + 2*f**2 - f - 2*f**3 + 1 + 0*f. What is j(p)?
-5
Let s(i) be the third derivative of 1/120*i**6 - 5/6*i**3 + 1/20*i**5 + 0*i - 1/6*i**4 + 0 - 4*i**2. What is s(-4)?
-5
Suppose -4*r + 4*c = 16, -6*r + 2*r + 3*c - 18 = 0. Let a(s) = -2*s**2 - 6*s - s**2 - 1 + 2*s**2. What is a(r)?
-1
Let d(a) = 2*a**2 + a + 1. Suppose -53*j = -48*j + 5. Determine d(j).
2
Let y(k) = k**2 + k + 1. Let i(t) = 7*t**2 - t - 3. Let d(h) = i(h) + 2*y(h). Let u = -242 - -243. What is d(u)?
9
Let n(q) = 4*q + 1. Let l = -5 - -7. Give n(l).
9
Let h be -1 + 5 + 2*-1. Suppose 0*u = -n - h*u + 5, 4*u = 2*n - 2. Let y(w) = -w**2 + w + 1. What is y(n)?
-5
Let y(b) = 7*b**3 + 3*b**2 - 5*b. Let s(x) = -10*x**3 - 5*x**2 + 7*x. Let f(p) = -5*s(p) - 7*y(p). What is f(-4)?
0
Let r(d) = d + 3. Let v be -1 + 1 - (0 - 0). Determine r(v).
3
Suppose 2*i - 3 = 1. Let g(s) = -s - 2. Let l(c) = 4*c + 15. Let h(p) = -8*p - 31. Let n(u) = 6*h(u) + 13*l(u). Let x(z) = i*n(z) + 9*g(z). Give x(-2).
2
Let p(r) be the third derivative of -r**5/60 + r**4/24 - 2*r**3/3 - r**2. Let g(m) = -m**2 - 4. Let y(t) = 6*g(t) - 5*p(t). Give y(-4).
0
Let c(w) = 4*w - 2. Let n be c(2). Let u(o) be the second derivative of o**4/12 - 7*o**3/6 - 3*o**2/2 + o. Calculate u(n).
-9
Let y(d) be the third derivative of d**7/1680 + 7*d**6/720 - d**5/10 + 8*d**2. Let z(p) be the third derivative of y(p). What is z(-6)?
-11
Suppose 0 = -0*y + 7*y + 21. Let b(a) = -a - 1. What is b(y)?
2
Let n(k) = k**2 + 3*k. Let x be n(-3). Let f(z) = -z**2 + z + 5*z**2 - 2*z - 9 + z**3 - 5*z**2. Calculate f(x).
-9
Let n(d) = d**2 + 5*d + 6. Let i = -11 + 7. What is n(i)?
2
Let k(n) = -2*n + 20. Let v be k(7). Let c(x) = -x**3 + 6*x**2 - x - 4. What is c(v)?
-10
Let v(k) = -k**2 - 10*k - 9. Let l be v(-7). Let f = 9 - l. Let y(o) = o**2 + o + 3. Calculate y(f).
9
Let t(b) = b + 6. Let r(h) = 4*h + 19. Let l(d) = d**2 + 5*d + 6. Let m be l(-4). Let g(c) = m*r(c) - 7*t(c). Determine g(-3).
-7
Suppose o - 2 - 3 = 0. Let f(m) = -6*m - 2. Let c(t) = 5*t + 3. Let d(x) = 7*c(x) + 6*f(x). Give d(o).
4
Let z(b) be the first derivative of b**5/60 - b**4/8 + b**3/3 - 3. Let g(m) be the third derivative of z(m). Give g(4).
5
Let s(o) = -o**2 + 6*o - 3. Let p be s(5). Suppose -u + c + p*c - 1 = 0, 0 = -3*c. Let g be (10/(-8))/(u/4). Let l(m) = m + 2. Give l(g).
7
Let x(s) = -s**2 + 5*s + 1. Suppose w - 4*w = -18. Give x(w).
-5
Let s(o) be the third derivative of 1/6*o**3 + 0*o + 1/120*o**6 + 1/12*o**4 - 4*o**2 - 1/30*o**5 + 0. Calculate s(2).
5
Let y be 3/2*(-4)/3. Let g be 0/(y + 4 + 0). Let c(n) = n**2 + 1. What is c(g)?
1
Let i be (-8)/(-6) - (-3)/(-9). Let u(c) = i - 2 - 4*c**3 + 0. Give u(1).
-5
Let n(i) = 3*i**2 + 3*i - 2 - 12*i - 10. Let k(j) = -j**2 + 3*j + 4. Let w(r) = 8*k(r) + 3*n(r). Calculate w(4).
0
Let j = 13 - 6. Suppose -k = -a, 0 = 3*k + 2*a - j - 3. Let o(i) = 2 + 0*i**3 - 4*i**k + 3*i + 2 + i**3. Determine o(3).
4
Let i(y) = -y**2 - 6*y + 3. Let d(m) = 1. Let a(t) = 2*d(t) - i(t). Determine a(-6).
-1
Let f(z) = -z**3 - 2*z**2 + 2*z + 2. Suppose 4*d + 4 = 2*d. Let y be ((-1)/(-2))/(d/8). Give f(y).
-2
Let r(p) be the third derivative of -p**5/5 - p**4/24 - 6*p**2. What is r(-1)?
-11
Let t = -50 - -57. Let z(g) = g**2 - 7*g - 8. Determine z(t).
-8
Let d(a) = 3*a**2 + a + 1. Let f(l) = -8*l**2 - 2*l - 2 + 4*l**2 - 2*l**2. Let b(w) = -5*d(w) - 3*f(w). Give b(-1).
3
Let y = 27 + -23. Let s(r) = -r**3 + 4*r**2 - 5*r + 6. Calculate s(y).
-14
Suppose 0*t - q = t - 6, 5*q = 20. Let j(k) = -2*k**3 - 3*k - 2*k**2 - k**3 + 3 + 4*k**3. Give j(t).
-3
Let v(y) = -y + 1. Let p(u) = -u + 9. Let h be p(6). Let b be 0 + (-1)/(h/(-18)). Let d be (-4)/b + 28/6. Calculate v(d).
-3
Let h(s) = -6*s**2 + 4 + 1125*s**3 + 7*s + 0*s**2 - 1126*s**3. Calculate h(-7).
4
Suppose 5*j = -0*j. Let x(v) be the third derivative of v**5/60 - v**3/3 - 32*v**2. Give x(j).
-2
Let b(p) = -6*p. Let a(f) = -f. Let u(s) = 5*a(s) - b(s). Suppose 8 = 2*x, -t = -5*t + 4*x - 20. Determine u(t).
-1
Let b(f) be the third derivative of f**6/12 + f**5/60 + f**4/24 - f**3/6 - 8*f**2. Determine b(1).
11
Let h(l) = 3*l + 12. Let u(t) = 2*t + 8. Let v(q) = -5*h(q) + 7*u(q). Let f = -11 + 15. Suppose 3*m - 1 = 2*m - 3*c, 2*m + f = -3*c. Give v(m).
1
Suppose 0 = 3*j + 2*a - 10, 3*j - 2*a + 2 = 4. Let f(q) = 0*q**2 + j*q**2 - q**2 + 4*q. What is f(-3)?
-3
Let h(o) = 6*o - 1. Let z(d) = 17*d - 2. Let m(f) = 11*h(f) - 4*z(f). Let i(u) = -u**2 + 13*u + 4. Let w be i(10). Let g be 1/4 + w/(-8). Determine m(g).
5
Let u(i) = i**2 - 7*i + 12. Let n(t) = t**2 - 8*t + 13. Let j(a) = -6*n(a) + 7*u(a). Give j(0).
6
Let t = -1 + 3. Let g(a) be the second derivative of a**5/120 + a**3/2 + a. Let n(p) be the second derivative of g(p). Calculate n(t).
2
Let m(j) be the second derivative of 3*j - 1/6*j**3 + 0 + 1/2*j**2. What is m(-6)?
7
Let f(g) = -2*g**2 - 5*g + 9. Let m(t) = 2*t**2 + 6*t - 10. Let w(p) = -6*f(p) - 5*m(p). What is w(-3)?
14
Let t(l) = 2*l + 5. Suppose -6 = 2*u + 4. Let f = 6 - 7. Let x = u - f. What is t(x)?
-3
Let j(a) = 6*a**3 - 2*a**2 - 5*a + 6. Let g(s) = 5*s**3 + 4 + 3 - 2*s**2 - 4*s - 2. Let r(p) = 5*g(p) - 4*j(p). Give r(3).
10
Let s(n) = n**2 - 5*n - 1. Let u(l) be the third derivative of l**5/30 - 11*l**4/24 - l**3/3 + 2*l**2. Let j = 6 - 4. Let t(r) = j*u(r) - 5*s(r). What is t(3)?
1
Suppose -2*z + 3*w = -13, 0 = -2*z - 2*w - 2. Suppose -8 = 2*i + z*i. Let a(q) = -3*q + 5. Let v(h) = -4*h + 7. Let p(n) = 7*a(n) - 5*v(n). Calculate p(i).
2
Let r(m) = m + 4. Let z(a) = -a**2 + 8*a - 8. Let n be z(6). Let x(k) = k + 4. Let i(c) = n*r(c) - 5*x(c). Let s(o) = o**2 - 5*o. Let v be s(4). What is i(v)?
0
Suppose 1 = 5*p + 6. Let x(h) = -5411*h**2 - 5*h + 5*h + 2*h + 5420*h**2 + 1. Calculate x(p).
8
Let r(w) be the second derivative of w**5/20 - w**4/4 + w**3/2 + w**2/2 - w. Let i(p) = p**3 + p**2 + p + 3. Le